t z be (x - 170)/(4/(-10)). Is z/8 - (-15)/(-20) a composite number?
False
Let o be ((-16)/(-3))/(1/3). Let h be (-20)/50 - (-314)/10. Let t = h + o. Is t a composite number?
False
Let f be (-20)/(-15) + (-2)/(-3). Suppose -2*q = -4*i + 530, 4*q - 4 = -f*i + 266. Is i composite?
True
Suppose -134 = -2*i + 2*h + 90, 0 = -5*i + 3*h + 562. Is i a prime number?
True
Is 2 - (-1435)/10*2 prime?
False
Let b(s) = 154*s**3 - 8*s**2 - 5. Let a(q) = 51*q**3 - 3*q**2 - 2. Let w(z) = 8*a(z) - 3*b(z). Is w(-1) a composite number?
False
Let g(r) = 10*r**3 + 2*r**2 + r - 4. Let x be g(3). Let t = 119 - x. Let l = t - -299. Is l composite?
False
Is 55 - (-3)/9*0 a prime number?
False
Let b be (2/4)/((-3)/12). Is (6 - 7)*22/b a composite number?
False
Let q(w) be the third derivative of 3*w**5/10 - w**4/24 + w**3/6 - 3*w**2. Is q(2) composite?
False
Let t = -83 - -53. Let w = 2 - 1. Let i = w - t. Is i a prime number?
True
Suppose 14 = -4*h + 5*p, -6*h + 2*p = -h + 9. Let w(u) = 4 + 7*u**2 - 4 + 5 + u - 4. Is w(h) a prime number?
True
Is (6/(-24)*-4)/((-1)/(-3761)) composite?
False
Let b(y) = y**3 - 5*y**2 - 9*y + 18. Is b(7) prime?
True
Let x = 254 + -52. Is x a composite number?
True
Let r(z) = -59*z + 1. Suppose -4*d + 3 = -9. Let f = d - 5. Is r(f) a composite number?
True
Let y(h) be the third derivative of -h**8/6720 - h**6/720 + 91*h**5/120 - h**4/6 - 4*h**2. Let c(o) be the second derivative of y(o). Is c(0) prime?
False
Suppose 0 = -5*t - 2*c + 881, 7*t - 2*t + 5*c - 875 = 0. Is t prime?
False
Let h(t) = 13*t - 16. Is h(11) a composite number?
False
Let x be 0 + 1/((-3)/516). Let f = -94 - x. Suppose 5*w - f = 17. Is w a prime number?
True
Is 2334/((16/(-12))/((-8)/12)) composite?
True
Let s(j) = -26*j**3 + 2*j**2 + j - 2. Let b be s(-2). Suppose -u - b = -5*u. Suppose -3*d = -5*p - 47, d + 2*p = 4*d - u. Is d a prime number?
True
Let d(p) = -p**3 - 2*p**2 + 6*p + 3. Let y be d(-4). Let o = y + -7. Let s = 14 - o. Is s composite?
True
Let a = 2 - 1. Suppose 0 = z - 2 - a. Suppose z*p = -p + 16. Is p composite?
True
Let t(g) = 2*g**3 - 2*g - 5. Is t(5) a prime number?
False
Suppose -5*r + 409 = -3*o + 42, -5*r - o + 371 = 0. Is 1/2*r*3 a composite number?
True
Suppose -4*v + q + 0*q = -508, 3*q - 12 = 0. Suppose -v = 3*k - 7*k. Suppose -4*r = -j - k, 30 + 11 = 3*r - 5*j. Is r composite?
False
Suppose 0 = 4*g + 2*x - 304, x = -4*g + 4*x + 284. Let p = g - 21. Is p prime?
True
Let z(m) be the first derivative of -m**3/3 + 11*m**2/2 + m + 1. Suppose -4*i = 0, 2*q - 3*q = -2*i - 6. Is z(q) a prime number?
True
Let a = 4 + -5. Is a/(-2) - (-1605)/10 a composite number?
True
Let s(q) = -158*q**2 - q. Let n(o) = -o - 4. Let p be n(-3). Let k be s(p). Let z = -68 - k. Is z a prime number?
True
Suppose -3*a = -5*a. Suppose a*t = t + 114. Is 1 + t/(-3 + 2) a prime number?
False
Let y(s) = 3*s**2 + 10*s - 8. Let c be y(7). Let m = c - 24. Is m a composite number?
True
Suppose -20 = 2*g + 5*c, 0*g + 5*g - 5*c = -50. Let a = g + 33. Is a composite?
False
Let g = 0 - 0. Suppose l + l - 6 = g. Suppose -k + 49 = -0*k + l*n, k + 2*n - 45 = 0. Is k prime?
True
Let j(b) be the third derivative of -367*b**6/120 - b**5/60 - b**4/12 - b**3/6 - 3*b**2. Let l be j(-1). Let h = -222 + l. Is h a composite number?
True
Let j be 8/(-3)*18/(-8). Suppose -n - 2*v = -13, -4*n + 5*n - 13 = 5*v. Let a = n - j. Is a prime?
True
Suppose 5*y - 1 - 9 = 0. Suppose 4*v = 2*o - 1330, 0 = -0*o - y*o + 5*v + 1335. Is o prime?
False
Let q(t) = 5*t + 9*t + 10*t - 11. Is q(9) prime?
False
Let r = -4 - 2. Let k be (-6)/(-4) + r/(-4). Suppose -2*n = -4*n - k*m + 41, 4*n + 4*m - 80 = 0. Is n prime?
True
Suppose -12 = -2*s + o, -5*s = -4*o - 20 - 10. Suppose -s*a + 220 = -a. Suppose 0*k + a = 2*k + 3*p, -3*p - 31 = -k. Is k a prime number?
False
Suppose 2*v - v - 4610 = -5*u, -2*u + 2*v + 1832 = 0. Is u prime?
False
Let f = -611 - -1948. Is f a prime number?
False
Suppose x = 2 + 2. Suppose o + 23 = 2*c, x*o + 0*o - 76 = -4*c. Is c prime?
False
Suppose 3*h = 6*h + 72. Let n = -9 - -4. Let t = n - h. Is t a prime number?
True
Let j(t) = -t**2 - 6*t - 3. Let g be j(-5). Let v(b) = 10 - 3*b + b**2 - g*b + 9*b + 3*b. Is v(-7) a composite number?
True
Let b(t) = t**3 + 7*t**2 + 3. Let f be -2 + (-4)/((-4)/(-5)). Is b(f) composite?
False
Let x(b) = b + 85. Is x(0) composite?
True
Let y(b) = b**3 - b + 525. Let v be y(0). Suppose 5*p + 2*k - k - v = 0, -p - 2*k = -96. Is p composite?
True
Let c(a) be the first derivative of a**3/3 - 2*a**2 - 7*a + 1. Let w be c(6). Suppose 0*l + w*l = -25, d - 71 = -4*l. Is d composite?
True
Let j(z) = -10*z + 3. Let n be 1 - (54/3)/3. Is j(n) prime?
True
Let z(y) = -y**3 + 3*y**2 + 7*y - 6. Let k be z(4). Suppose d = k*d - 325. Is d a prime number?
False
Let k = -669 - -353. Let t = 21 - k. Is t composite?
False
Is (-596)/(6/(1 + -4)) prime?
False
Suppose -5*k - 4*t + 1107 = 0, -616 - 494 = -5*k - 5*t. Suppose -a + 8*h + 50 = 3*h, 4*a = h + k. Is a a composite number?
True
Suppose 2*d - 750 = 3344. Is d composite?
True
Suppose -i = 2*i - 390. Suppose 0 = -4*s + 5*s - i. Suppose -j + s = j. Is j a prime number?
False
Let d(g) be the first derivative of 10*g**3 - 5*g**2/2 + 4*g - 3. Is d(3) prime?
False
Let w(m) = m**2 + 5*m - 5. Let l be w(-6). Let a = 1 - 0. Is a/(0 - l) - -7 prime?
False
Let c(y) = -42*y - 7. Suppose 5*o = m - 26, -2*m + 3*m = 1. Is c(o) a composite number?
True
Let i = -254 - -175. Is i/(-2)*(6 + 0) composite?
True
Let s(z) = -4*z**3 + 7*z**2 + 8*z - 8. Let a(d) = 3*d**3 - 7*d**2 - 8*d + 7. Let b(j) = 5*a(j) + 4*s(j). Let v be (-14)/(-8)*(7 + -11). Is b(v) a prime number?
True
Let c(k) = -2*k + 3. Let f = -13 - -7. Let i be c(f). Suppose 52 = 4*a + 2*h, 8 = a - 2*h - i. Is a a composite number?
True
Let v be (-1 - 3)/(-3 - -2). Suppose 2*r - 4775 = -5*z, -5*z - v*r = -6*z + 977. Suppose 6*m - 5*s - 1253 = 2*m, -3*m - 2*s + z = 0. Is m prime?
True
Let j = -11 - -19. Let r(d) = 2*d + 5. Is r(j) a prime number?
False
Let q = -5 - -5. Suppose -4*y + 3 + 1 = q. Suppose -y = 5*g - 96. Is g composite?
False
Suppose -3*w + 746 = 5*k, w - k + 2*k - 250 = 0. Suppose 5*m = -3*j + 837, -4*j - 153 = -m - j. Let p = w - m. Is p prime?
False
Let w(o) = o**3 + 5*o**2 - 6*o + 8. Let c be w(-6). Let j(r) = r**2 - 2*r - 9. Is j(c) prime?
False
Let j = 18 - 13. Suppose j*g = g + 220. Is g prime?
False
Let t(c) = 3*c**2 + 6*c - 5. Let z(j) = -j**2 - j + 1. Let h(d) = -t(d) - 5*z(d). Is h(-2) prime?
False
Suppose 15 = 13*t - 24. Let a be 1*8*(-1 - -2). Suppose a*n - 325 = t*n. Is n composite?
True
Let s = 8 + -4. Suppose -5*p = -2*g - 12, 3*p - 7*p = -3*g - s. Is 48 + 3/(g - 1) a prime number?
False
Suppose -2*r - 3*x + 197 + 3 = 0, 0 = -2*x - 4. Is r composite?
False
Let h be ((-5)/10)/((-2)/8). Let c(w) = -w**3 - 8*w + h*w - 4*w**2 + 0 - 6 + 1. Is c(-4) a prime number?
True
Suppose 0 = -2*m - m + 3. Let s = 40 - m. Is s a composite number?
True
Let x(z) = -z**3 - 6*z**2 + z + 8. Let r be x(-6). Suppose w - 39 = -4*s, 25 = r*s - w - 4*w. Is s a composite number?
True
Suppose 2*t = 4, 3*f - t - 1422 = 2*t. Let k = f + -317. Is k a prime number?
False
Let s = 15 - 11. Suppose s*u + 93 = 5*u. Is u a prime number?
False
Let u(l) = -l - 3. Let a be u(-3). Is 3 + a + 54 + 2 a prime number?
True
Suppose 173 + 802 = 3*h. Suppose -5*g + h = 5*i, -18 - 55 = -g + i. Is g composite?
True
Let b(n) = -n**3 + 6*n**2. Let x be b(6). Suppose -5*h + 3 - 33 = x. Let v(o) = -o**3 - 5*o**2 + o - 4. Is v(h) prime?
False
Suppose 13*s + 5079 = 16*s. Is s a composite number?
False
Let k = 206 + -127. Is k composite?
False
Let i be ((-16)/10)/((-6)/75). Suppose 6 = -h + i. Is h prime?
False
Suppose -17 = -5*o + 43. Is (-208)/o*(-3)/2 a composite number?
True
Let k = -148 - -326. Is k a prime number?
False
Suppose -4*t + 4 = -5*m, -7*m - t + 1 = -2*m. Suppose -2*l + l + d + 41 = m, -12 = 3*d. Is l prime?
True
Let p(h) = 43*h**2 + h - 3. Is p(-3) composite?
True
Let c = -26 - -41. Let s = c - 11. Let t(u) = 24*u + 1. Is t(s) a composite number?
False
Suppose y - 2*y = -1151. Is y composite?
False
Let l(r) = -20*r**3 + 4*r**2 - r. Let b be l(-4). Let n = b + -933. Is n composite?
True
Let y(r) = r**2 - 7*r + 4. Let o be y(7). Suppose o*l - 30 = 14. Let s = 18 - l. Is s a composite number?
False
Let 